s = -5*z + 8. Let y(d) = 2*d**2 + 80*d + 157. Let w be y(-38). What is the greatest common factor of z and w?
5
Let x = -51 - -81. Let r = 35 + -25. Calculate the highest common divisor of r and x.
10
Suppose 0 = 2*q - 2*x + 2, 0 = q + 3*x - 15. Suppose -4*h - 113 = -3*i + 12, 0 = -4*i - q*h + 125. What is the highest common factor of 140 and i?
35
Let z be (0/(-4) - 2)/(-1). Let v be (-3 + (-420)/25)/(z/(-10)). What is the highest common factor of v and 33?
33
Let k = 5544 - 9892. Let q = k - -6372. Let n be q/36 + 4/(-18). What is the greatest common factor of 7 and n?
7
Let y = 2 + 1. Suppose y*b = -2*w + 22, b - 3*w = w + 12. Let h = -100 - -102. What is the highest common divisor of b and h?
2
Let m be 55 + -1 - (27/(-9) + -3). What is the highest common divisor of m and 320?
20
Let h(j) = -j**3 + 14*j**2 + 2*j - 22. Let m be h(14). Suppose -m*c + 48 = -30. Calculate the highest common divisor of 208 and c.
13
Suppose 4*f - 24 = -8*f. Suppose -f*b = 3*b - 85. Let i = -138 + 274. What is the greatest common divisor of i and b?
17
Let q = 224 - 148. What is the highest common divisor of 38 and q?
38
Let v be 1971/9*(-1)/(-3). Suppose 0 = -4*j + v + 39. Suppose 2*p - 4 - 24 = 0. Calculate the highest common divisor of p and j.
14
Let y(p) = -4 - 2 + 22*p**2 + 4*p + 8 - 8*p**2. Let k be y(-2). What is the highest common factor of 10 and k?
10
Let h(q) = 24*q**2 - 2*q - 1. Let m be h(-1). Suppose x = -4*c + 25, -5*x - 4 = -4*c - 9. Calculate the greatest common divisor of c and m.
5
Let b = -10522 - -10526. Suppose 3*m = -2*m + 160. What is the highest common divisor of b and m?
4
Let y be (12/10)/(10/825). Suppose 0 = 2*l + 9 - 31. Calculate the highest common divisor of l and y.
11
Let j = -669 - -704. What is the highest common divisor of 2940 and j?
35
Let w(u) = 5*u**3 + 29*u**2 - 7*u. Let c be w(-6). What is the highest common factor of c and 3?
3
Let s = -939 + 1146. Calculate the greatest common divisor of 18 and s.
9
Suppose -5*g + 714 = -446. Suppose 3*j + g = 7*j. Suppose -4*n = j - 490. Calculate the highest common factor of 12 and n.
12
Let h(f) = -2*f + 14. Let m be h(6). Suppose 0 = m*s - 3*s + 336. What is the highest common divisor of s and 42?
42
Let o(d) = -d**3 - 7*d**2 + d + 7. Let r be o(-7). Suppose -m + 5*m - 40 = r. What is the highest common factor of 2 and m?
2
Suppose 2*m - 7 = -s, -4*s + 3*s - 5*m = -4. Let z be 13/52 - (-71)/4. Calculate the highest common divisor of z and s.
9
Let v = 1626 - 1605. Calculate the greatest common divisor of 2772 and v.
21
Let w = 0 - -4. Suppose 5*m - 20 = v, -m - 2*v = -0*m - w. Suppose -2*y + m + 8 = 0. Calculate the highest common factor of y and 4.
2
Suppose 4*i = -473 + 1. Let u = i + 133. Calculate the highest common factor of u and 240.
15
Let s be ((-2)/(-3))/((-10)/(-15)). Let g be (3 - 1) + 33*s. Let m = g + -29. Calculate the greatest common factor of m and 24.
6
Let i = 879 + -717. Calculate the highest common factor of 6 and i.
6
Let h(d) = d**2 + 22*d - 30. Let i be h(-23). Suppose -7*b + 2*b = -70. Let f be 1/((b/(-8))/i). Calculate the greatest common factor of f and 6.
2
Let w be (-165)/20*64/(-6). Let h = 5 - 7. Let t be (h + 13)/(1 + 0). What is the highest common divisor of t and w?
11
Suppose -225 = l + 5*w, -2*l + 4*l + 477 = -w. Let r be (0 - (-4)/(-5))*l. What is the greatest common factor of 12 and r?
12
Let f(y) = -49*y + 1. Let o be f(-1). Suppose -3*i = -2*i. Let p be 2 + -2 - i - -125. Calculate the highest common factor of o and p.
25
Let r(s) = 5*s**3 - 4*s**2 + 2 + 2 - 4*s**3 + 0. Let a be r(4). Calculate the greatest common divisor of 1 and a.
1
Let s be 2 - -95 - (-12)/(0 - 3). Calculate the greatest common divisor of 15 and s.
3
Let q(c) = -19*c - 2. Let b be q(-6). Suppose -7*s + 3*s + 92 = 5*p, 0 = -5*s - 2*p + 132. What is the greatest common factor of s and b?
28
Suppose -10043 = -11*u + 10582. Calculate the greatest common divisor of 75 and u.
75
Let v(r) = 3*r**3 + 38*r**2 + 46*r - 34. Let f be v(-11). Let h be 0/(1 + 0) + 26. What is the greatest common divisor of h and f?
13
Let p(y) = -2*y**3 + 2*y - 4. Let q be p(2). Let v be (q/(-2))/(1 + 0). Calculate the highest common divisor of v and 64.
8
Suppose -3*h + 424 = 4*c, 0 = -h + 40*c - 35*c + 173. What is the greatest common divisor of h and 222?
74
Let v(t) = 157*t + 105. Let l be v(3). Calculate the greatest common divisor of l and 48.
48
Let m(i) = -51*i**2 - 71*i + 11. Let s(n) = 10*n**2 + 14*n - 2. Let q(v) = 2*m(v) + 11*s(v). Let l be q(-4). Calculate the highest common divisor of 16 and l.
16
Suppose -4*b - 20 = 0, 1424 + 4347 = 3*m + 5*b. What is the highest common factor of m and 84?
84
Let q(g) = -g - 2. Let k be q(-6). Let b be k/14 - (-304)/14. Let w = 72 + -61. Calculate the greatest common factor of b and w.
11
Suppose 0 = -6*b + 734 + 1426. What is the highest common divisor of b and 80?
40
Suppose -x - 8 - 32 = 0. Let i = x + 46. What is the highest common divisor of i and 48?
6
Suppose 69*a = 79*a - 1360. What is the greatest common factor of 34 and a?
34
Suppose 22*k - 3258 = 13*k. Let u = 538 - k. What is the greatest common divisor of 16 and u?
16
Let k(m) = -8*m - 35. Let q be k(-7). Suppose 2*f + q = 87. Calculate the highest common divisor of f and 3.
3
Let k = 90 + -61. Suppose -234 = 4*p - 2*v, -3 = -3*v - 0. Let j be p*2/8*(-4 - 2). Calculate the greatest common divisor of k and j.
29
Suppose 7*c - 5*c - 5*h = 637, 3 = -3*h. Calculate the highest common factor of 553 and c.
79
Suppose 253 = 3*d - t, -3*t - 3 = -0. Let g = -51 + d. Calculate the greatest common factor of 3 and g.
3
Suppose -4*j + 17 = 141. Let i = 60 + j. Suppose -839 = -5*x - i. What is the greatest common factor of 18 and x?
18
Let f(z) = z**3 + 7*z**2 + 3*z. Suppose 2*g = 3 - 15. Let h be f(g). Let s = 38 + 34. What is the greatest common factor of h and s?
18
Let q be 1*(0 + 3) - -13. Let m be 64/(-10)*1/(18/(-45)). Calculate the greatest common factor of q and m.
16
Let v be -1 + (34 - (6/(-1) - -3)). Let m = -14 + v. What is the greatest common divisor of 11 and m?
11
Suppose -4*b + 80*d - 76*d - 1212 = 0, -3*b = -2*d + 908. Let u be 3/((18/1088)/3). Let q = u + b. What is the highest common factor of q and 22?
22
Suppose -4*a + 3 = g, 5*g + 33 = 3*a + a. Let m = 56 + -12. Suppose a*z + m = 4*z. What is the greatest common factor of 11 and z?
11
Let j be (-2)/10 + 1/5. Let s be (0 - j) + 1 + 11. Suppose -547 = -9*z - 115. What is the highest common factor of s and z?
12
Suppose 14*r - 155 = 1665. What is the highest common factor of 170 and r?
10
Suppose 0 = 11*n + 11 - 22. Let h(y) = y**2 - 4*y - 3. Let l be h(5). Suppose 2*t - l - 12 = 0. Calculate the greatest common factor of n and t.
1
Suppose 4*c - 149 + 45 = 0. Calculate the greatest common divisor of 8 and c.
2
Let j(v) = 2*v - 12. Let b be j(10). Let k be 16/12*(5 + 1). Calculate the highest common divisor of b and k.
8
Suppose -2*w + 621 = w + m, -4*w - 2*m = -828. Calculate the greatest common factor of 9 and w.
9
Let s(d) = d**2 - 5*d + 14. Let b be s(3). Calculate the greatest common factor of b and 16.
8
Let i = 97 + -42. Let p be (i/(-22))/((-1)/2). What is the highest common factor of p and 5?
5
Let z(x) = x**3 - 6*x**2 + 4*x + 11. Let j be z(7). Suppose -2*h = 3*k - j, 4*k - 124 = 2*h - 3*h. Calculate the greatest common divisor of k and 48.
16
Let g = 23 + -14. What is the highest common divisor of 81 and g?
9
Let b be (200/(-6))/((-106)/9222). What is the highest common factor of 50 and b?
50
Let s(c) = 4*c + 67. Let k be s(-16). Suppose 4*m - 6*m - 109 = -5*n, n = m + 23. Calculate the greatest common factor of k and n.
3
Let b = -1972 + 1992. Calculate the greatest common factor of b and 1060.
20
Let p = -8 + 10. Suppose p*h - h - 297 = 0. Calculate the greatest common factor of h and 27.
27
Let o be 141 + ((-1)/(-2))/((-1)/(-4)). Suppose -i - o = -12*i. Calculate the greatest common factor of 91 and i.
13
Let d(s) = -s**3 + 6*s**2 - 10*s - 9. Let o be d(4). Let z = 8 - 51. Let p = o - z. Calculate the highest common divisor of 26 and p.
26
Suppose 4*x - 3*x = -20. Let d be ((-18)/(-15))/((-3)/x). Let m be (1 - -63) + 5 + -5 + 0. Calculate the highest common factor of d and m.
8
Let n(u) = u**3 - 11*u**2 + 4*u - 8. 